{"id":7081,"date":"2026-04-27T11:55:17","date_gmt":"2026-04-27T10:55:17","guid":{"rendered":"https:\/\/www.avante-educacao-brasil.nl\/?page_id=7081"},"modified":"2026-04-27T11:55:17","modified_gmt":"2026-04-27T10:55:17","slug":"nederlands-jaarrapport-2025","status":"publish","type":"page","link":"https:\/\/www.avante-educacao-brasil.nl\/br\/nederlands-jaarrapport-2025\/","title":{"rendered":"(Nederlands) Jaarrapport 2025"},"content":{"rendered":"<p class=\"qtranxs-available-languages-message qtranxs-available-languages-message-br\">Desculpe-nos, mas este texto est\u00e1 apenas dispon\u00edvel em <a href=\"https:\/\/www.avante-educacao-brasil.nl\/nl\/wp-json\/wp\/v2\/pages\/7081\" class=\"qtranxs-available-language-link qtranxs-available-language-link-nl\" title=\"Nederlands\">Holand\u00eas<\/a>.<\/p>","protected":false},"excerpt":{"rendered":"<p>Desculpe-nos, mas este texto est\u00e1 apenas dispon\u00edvel em Holand\u00eas.<\/p>\n","protected":false},"author":1,"featured_media":0,"parent":0,"menu_order":0,"comment_status":"closed","ping_status":"closed","template":"","meta":[],"acf":[],"yoast_head":"<!-- This site is optimized with the Yoast SEO plugin v20.6 - https:\/\/yoast.com\/wordpress\/plugins\/seo\/ -->\n<title>(Nederlands) Jaarrapport 2025 - Avante Educa\u00e7\u00e3o Brasil<\/title>\n<meta name=\"robots\" content=\"index, follow, max-snippet:-1, max-image-preview:large, max-video-preview:-1\" \/>\n<link rel=\"canonical\" href=\"https:\/\/www.avante-educacao-brasil.nl\/nederlands-jaarrapport-2025\/\" \/>\n<meta property=\"og:locale\" content=\"pt_BR\" \/>\n<meta property=\"og:type\" content=\"article\" \/>\n<meta property=\"og:title\" content=\"(Nederlands) Jaarrapport 2025 - Avante Educa\u00e7\u00e3o Brasil\" \/>\n<meta property=\"og:description\" content=\"Desculpe-nos, mas este texto est\u00e1 apenas dispon\u00edvel em Holand\u00eas.\" \/>\n<meta property=\"og:url\" content=\"https:\/\/www.avante-educacao-brasil.nl\/nederlands-jaarrapport-2025\/\" \/>\n<meta property=\"og:site_name\" content=\"Avante Educa\u00e7\u00e3o Brasil\" \/>\n<meta name=\"twitter:card\" content=\"summary_large_image\" \/>\n<meta name=\"twitter:label1\" content=\"Est. tempo de leitura\" \/>\n\t<meta name=\"twitter:data1\" content=\"1 minuto\" \/>\n<script type=\"application\/ld+json\" class=\"yoast-schema-graph\">{\"@context\":\"https:\/\/schema.org\",\"@graph\":[{\"@type\":\"WebPage\",\"@id\":\"https:\/\/www.avante-educacao-brasil.nl\/nederlands-jaarrapport-2025\/\",\"url\":\"https:\/\/www.avante-educacao-brasil.nl\/nederlands-jaarrapport-2025\/\",\"name\":\"(Nederlands) Jaarrapport 2025 - Avante Educa\u00e7\u00e3o Brasil\",\"isPartOf\":{\"@id\":\"https:\/\/www.avante-educacao-brasil.nl\/#website\"},\"datePublished\":\"2026-04-27T10:55:17+00:00\",\"dateModified\":\"2026-04-27T10:55:17+00:00\",\"breadcrumb\":{\"@id\":\"https:\/\/www.avante-educacao-brasil.nl\/nederlands-jaarrapport-2025\/#breadcrumb\"},\"inLanguage\":\"pt-BR\",\"potentialAction\":[{\"@type\":\"ReadAction\",\"target\":[\"https:\/\/www.avante-educacao-brasil.nl\/nederlands-jaarrapport-2025\/\"]}]},{\"@type\":\"BreadcrumbList\",\"@id\":\"https:\/\/www.avante-educacao-brasil.nl\/nederlands-jaarrapport-2025\/#breadcrumb\",\"itemListElement\":[{\"@type\":\"ListItem\",\"position\":1,\"name\":\"Home\",\"item\":\"https:\/\/www.avante-educacao-brasil.nl\/\"},{\"@type\":\"ListItem\",\"position\":2,\"name\":\"(Nederlands) Jaarrapport 2025\"}]},{\"@type\":\"WebSite\",\"@id\":\"https:\/\/www.avante-educacao-brasil.nl\/#website\",\"url\":\"https:\/\/www.avante-educacao-brasil.nl\/\",\"name\":\"Avante Educa\u00e7\u00e3o Brasil\",\"description\":\"\",\"potentialAction\":[{\"@type\":\"SearchAction\",\"target\":{\"@type\":\"EntryPoint\",\"urlTemplate\":\"https:\/\/www.avante-educacao-brasil.nl\/?s={search_term_string}\"},\"query-input\":\"required name=search_term_string\"}],\"inLanguage\":\"pt-BR\"}]}<\/script>\n<!-- \/ Yoast SEO plugin. -->","yoast_head_json":{"title":"(Nederlands) Jaarrapport 2025 - Avante Educa\u00e7\u00e3o Brasil","robots":{"index":"index","follow":"follow","max-snippet":"max-snippet:-1","max-image-preview":"max-image-preview:large","max-video-preview":"max-video-preview:-1"},"canonical":"https:\/\/www.avante-educacao-brasil.nl\/nederlands-jaarrapport-2025\/","og_locale":"pt_BR","og_type":"article","og_title":"(Nederlands) Jaarrapport 2025 - Avante Educa\u00e7\u00e3o Brasil","og_description":"Desculpe-nos, mas este texto est\u00e1 apenas dispon\u00edvel em Holand\u00eas.","og_url":"https:\/\/www.avante-educacao-brasil.nl\/nederlands-jaarrapport-2025\/","og_site_name":"Avante Educa\u00e7\u00e3o Brasil","twitter_card":"summary_large_image","twitter_misc":{"Est. tempo de leitura":"1 minuto"},"schema":{"@context":"https:\/\/schema.org","@graph":[{"@type":"WebPage","@id":"https:\/\/www.avante-educacao-brasil.nl\/nederlands-jaarrapport-2025\/","url":"https:\/\/www.avante-educacao-brasil.nl\/nederlands-jaarrapport-2025\/","name":"(Nederlands) Jaarrapport 2025 - Avante Educa\u00e7\u00e3o Brasil","isPartOf":{"@id":"https:\/\/www.avante-educacao-brasil.nl\/#website"},"datePublished":"2026-04-27T10:55:17+00:00","dateModified":"2026-04-27T10:55:17+00:00","breadcrumb":{"@id":"https:\/\/www.avante-educacao-brasil.nl\/nederlands-jaarrapport-2025\/#breadcrumb"},"inLanguage":"pt-BR","potentialAction":[{"@type":"ReadAction","target":["https:\/\/www.avante-educacao-brasil.nl\/nederlands-jaarrapport-2025\/"]}]},{"@type":"BreadcrumbList","@id":"https:\/\/www.avante-educacao-brasil.nl\/nederlands-jaarrapport-2025\/#breadcrumb","itemListElement":[{"@type":"ListItem","position":1,"name":"Home","item":"https:\/\/www.avante-educacao-brasil.nl\/"},{"@type":"ListItem","position":2,"name":"(Nederlands) Jaarrapport 2025"}]},{"@type":"WebSite","@id":"https:\/\/www.avante-educacao-brasil.nl\/#website","url":"https:\/\/www.avante-educacao-brasil.nl\/","name":"Avante Educa\u00e7\u00e3o Brasil","description":"","potentialAction":[{"@type":"SearchAction","target":{"@type":"EntryPoint","urlTemplate":"https:\/\/www.avante-educacao-brasil.nl\/?s={search_term_string}"},"query-input":"required name=search_term_string"}],"inLanguage":"pt-BR"}]}},"_links":{"self":[{"href":"https:\/\/www.avante-educacao-brasil.nl\/br\/wp-json\/wp\/v2\/pages\/7081"}],"collection":[{"href":"https:\/\/www.avante-educacao-brasil.nl\/br\/wp-json\/wp\/v2\/pages"}],"about":[{"href":"https:\/\/www.avante-educacao-brasil.nl\/br\/wp-json\/wp\/v2\/types\/page"}],"author":[{"embeddable":true,"href":"https:\/\/www.avante-educacao-brasil.nl\/br\/wp-json\/wp\/v2\/users\/1"}],"replies":[{"embeddable":true,"href":"https:\/\/www.avante-educacao-brasil.nl\/br\/wp-json\/wp\/v2\/comments?post=7081"}],"version-history":[{"count":1,"href":"https:\/\/www.avante-educacao-brasil.nl\/br\/wp-json\/wp\/v2\/pages\/7081\/revisions"}],"predecessor-version":[{"id":7082,"href":"https:\/\/www.avante-educacao-brasil.nl\/br\/wp-json\/wp\/v2\/pages\/7081\/revisions\/7082"}],"wp:attachment":[{"href":"https:\/\/www.avante-educacao-brasil.nl\/br\/wp-json\/wp\/v2\/media?parent=7081"}],"curies":[{"name":"wp","href":"https:\/\/api.w.org\/{rel}","templated":true}]}}

<p class="qtranxs-available-languages-message qtranxs-available-languages-message-br">Desculpe-nos, mas este texto está apenas disponível em <a href="https://www.avante-educacao-brasil.nl/nl/wp-json/wp/v2/pages/7081" class="qtranxs-available-language-link qtranxs-available-language-link-nl" title="Nederlands">Holandês</a>.</p>

<p>Desculpe-nos, mas este texto está apenas disponível em Holandês.</p>

<!-- This site is optimized with the Yoast SEO plugin v20.6 - https://yoast.com/wordpress/plugins/seo/ -->
<title>(Nederlands) Jaarrapport 2025 - Avante Educação Brasil</title>
<meta name="robots" content="index, follow, max-snippet:-1, max-image-preview:large, max-video-preview:-1" />
<link rel="canonical" href="https://www.avante-educacao-brasil.nl/nederlands-jaarrapport-2025/" />
<meta property="og:locale" content="pt_BR" />
<meta property="og:type" content="article" />
<meta property="og:title" content="(Nederlands) Jaarrapport 2025 - Avante Educação Brasil" />
<meta property="og:description" content="Desculpe-nos, mas este texto está apenas disponível em Holandês." />
<meta property="og:url" content="https://www.avante-educacao-brasil.nl/nederlands-jaarrapport-2025/" />
<meta property="og:site_name" content="Avante Educação Brasil" />
<meta name="twitter:card" content="summary_large_image" />
<meta name="twitter:label1" content="Est. tempo de leitura" />
	<meta name="twitter:data1" content="1 minuto" />
<script type="application/ld+json" class="yoast-schema-graph">{"@context":"https://schema.org","@graph":[{"@type":"WebPage","@id":"https://www.avante-educacao-brasil.nl/nederlands-jaarrapport-2025/","url":"https://www.avante-educacao-brasil.nl/nederlands-jaarrapport-2025/","name":"(Nederlands) Jaarrapport 2025 - Avante Educação Brasil","isPartOf":{"@id":"https://www.avante-educacao-brasil.nl/#website"},"datePublished":"2026-04-27T10:55:17+00:00","dateModified":"2026-04-27T10:55:17+00:00","breadcrumb":{"@id":"https://www.avante-educacao-brasil.nl/nederlands-jaarrapport-2025/#breadcrumb"},"inLanguage":"pt-BR","potentialAction":[{"@type":"ReadAction","target":["https://www.avante-educacao-brasil.nl/nederlands-jaarrapport-2025/"]}]},{"@type":"BreadcrumbList","@id":"https://www.avante-educacao-brasil.nl/nederlands-jaarrapport-2025/#breadcrumb","itemListElement":[{"@type":"ListItem","position":1,"name":"Home","item":"https://www.avante-educacao-brasil.nl/"},{"@type":"ListItem","position":2,"name":"(Nederlands) Jaarrapport 2025"}]},{"@type":"WebSite","@id":"https://www.avante-educacao-brasil.nl/#website","url":"https://www.avante-educacao-brasil.nl/","name":"Avante Educação Brasil","description":"","potentialAction":[{"@type":"SearchAction","target":{"@type":"EntryPoint","urlTemplate":"https://www.avante-educacao-brasil.nl/?s={search_term_string}"},"query-input":"required name=search_term_string"}],"inLanguage":"pt-BR"}]}</script>
<!-- / Yoast SEO plugin. -->

(Nederlands) Jaarrapport 2025 - Avante Educação Brasil

Desculpe-nos, mas este texto está apenas disponível em Holandês.

Avante Educação Brasil
